{"id":87,"date":"2013-05-20T19:05:01","date_gmt":"2013-05-20T17:05:01","guid":{"rendered":"http:\/\/www.poznan.ptsr.org.pl\/?page_id=87"},"modified":"2022-06-27T10:00:25","modified_gmt":"2022-06-27T08:00:25","slug":"oddzialy-ptsr","status":"publish","type":"page","link":"http:\/\/www.poznan.ptsr.org.pl\/?page_id=87","title":{"rendered":"Oddzia\u0142y PTSR"},"content":{"rendered":"<p><strong>Oddzia\u0142y PTSR<\/strong><\/p>\n<p><strong>PTSR Oddzia\u0142 Kaszubski z siedzib\u0105 w Luzinie<\/strong><\/p>\n<p><strong>Oddzia\u0142 Kociewski w Tczewie<\/strong><\/p>\n<p><strong>PTSR Oddzia\u0142 Dolno\u015bl\u0105ski<\/strong><\/p>\n<p><strong>PTSR Oddzia\u0142 w Ciechanowie<\/strong><\/p>\n<p><strong>PTSR Oddzia\u0142 Nadbu\u017ca\u0144ski z siedzib\u0105 w Bia\u0142ej Podlaskiej<\/strong><\/p>\n<p><strong>PTSR Oddzia\u0142 Pomorski<\/strong><\/p>\n<p><strong>PTSR Oddzia\u0142 w Koszalinie<\/strong><\/p>\n<p><strong>PTSR Oddzia\u0142 w Koninie<\/strong><\/p>\n<p><strong>PTSR Oddzia\u0142 w Ko\u0144skich<\/strong><\/p>\n<p><strong>PTSR Oddzia\u0142 w \u0141odzi<\/strong><\/p>\n<p><strong>PTSR Oddzia\u0142 w Krakowie<\/strong><\/p>\n<p><strong>PTSR Oddzia\u0142 w Lublinie<\/strong><\/p>\n<p><strong>PTSR Oddzia\u0142 w Rzeszowie<\/strong><\/p>\n<p><strong>PTSR Oddzia\u0142 w Olsztynie<\/strong><\/p>\n<p><strong>PTSR Oddzia\u0142 w Radomiu<\/strong><\/p>\n<p><strong>PTSR Oddzia\u0142 w Tarnowie<\/strong><\/p>\n<p><strong>PTSR Oddzia\u0142 w Sanoku<\/strong><\/p>\n<p><strong>PTSR Oddzia\u0142 w Sieradzu<\/strong><\/p>\n<p><strong>PTSR Oddzia\u0142 Wielkopolska<\/strong><\/p>\n<p><strong>PTSR Oddzia\u0142 Wojew\u00f3dzki w Gda\u0144sku<\/strong><\/p>\n<p><strong>PTSR Oddzia\u0142 Wojew\u00f3dzki w Szczecinie<\/strong><\/p>\n<p><strong>PTSR Oddzia\u0142 Ziemi Cieszy\u0144skiej<\/strong><\/p>\n<p><strong>PTSR O\/Gnie\u017anie\u0144ski<\/strong><\/p>\n<p>Nasze oddzia\u0142y i ko\u0142a organizuj\u0105 lokalnie rehabilitacj\u0119 grupow\u0105, rehabilitacj\u0119 fizyczn\u0105 w domu chorego, rehabilitacj\u0119 spo\u0142eczn\u0105, grupy wsparcia, pomoc psychologiczn\u0105, pomoc prawn\u0105, dystrybuuj\u0105 broszury i czasopisma oraz organizuj\u0105 spotkania z lekarzami i rehabilitantami.<br \/>\nSpotkania w oddzia\u0142ach i ko\u0142ach daj\u0105 r\u00f3wnie\u017c okazj\u0119 nawi\u0105zania trwa\u0142ych znajomo\u015bci i przyja\u017ani.<\/p>\n<p>Na mapie oznaczyli\u015bmy: ( <strong>kliknij by powi\u0119kszy\u0107<\/strong>)<\/p>\n<p style=\"text-align: center;\"><b><a href=\"http:\/\/www.ptsr.org.pl\/pl\/?poz=Top\/E\/90\"><img loading=\"lazy\" class=\"aligncenter  wp-image-315\" src=\"http:\/\/www.poznan.ptsr.org.pl\/wp-content\/uploads\/2013\/05\/oddzialy-mapa.jpg\" alt=\"oddzialy mapa\" width=\"586\" height=\"361\" srcset=\"http:\/\/www.poznan.ptsr.org.pl\/wp-content\/uploads\/2013\/05\/oddzialy-mapa.jpg 732w, http:\/\/www.poznan.ptsr.org.pl\/wp-content\/uploads\/2013\/05\/oddzialy-mapa-300x184.jpg 300w\" sizes=\"(max-width: 586px) 100vw, 586px\" \/><\/a><\/b><\/p>\n","protected":false},"excerpt":{"rendered":"<p>Oddzia\u0142y PTSR PTSR Oddzia\u0142 Kaszubski z siedzib\u0105 w Luzinie Oddzia\u0142 Kociewski w Tczewie PTSR Oddzia\u0142 Dolno\u015bl\u0105ski PTSR Oddzia\u0142 w Ciechanowie PTSR Oddzia\u0142 Nadbu\u017ca\u0144ski z siedzib\u0105 w Bia\u0142ej Podlaskiej PTSR Oddzia\u0142 Pomorski PTSR Oddzia\u0142 w Koszalinie PTSR Oddzia\u0142 w Koninie PTSR Oddzia\u0142 w Ko\u0144skich PTSR Oddzia\u0142 w \u0141odzi PTSR Oddzia\u0142 w Krakowie PTSR Oddzia\u0142 w Lublinie [&hellip;]<\/p>\n","protected":false},"author":1,"featured_media":0,"parent":9,"menu_order":6,"comment_status":"open","ping_status":"open","template":"","meta":[],"_links":{"self":[{"href":"http:\/\/www.poznan.ptsr.org.pl\/index.php?rest_route=\/wp\/v2\/pages\/87"}],"collection":[{"href":"http:\/\/www.poznan.ptsr.org.pl\/index.php?rest_route=\/wp\/v2\/pages"}],"about":[{"href":"http:\/\/www.poznan.ptsr.org.pl\/index.php?rest_route=\/wp\/v2\/types\/page"}],"author":[{"embeddable":true,"href":"http:\/\/www.poznan.ptsr.org.pl\/index.php?rest_route=\/wp\/v2\/users\/1"}],"replies":[{"embeddable":true,"href":"http:\/\/www.poznan.ptsr.org.pl\/index.php?rest_route=%2Fwp%2Fv2%2Fcomments&post=87"}],"version-history":[{"count":9,"href":"http:\/\/www.poznan.ptsr.org.pl\/index.php?rest_route=\/wp\/v2\/pages\/87\/revisions"}],"predecessor-version":[{"id":4101,"href":"http:\/\/www.poznan.ptsr.org.pl\/index.php?rest_route=\/wp\/v2\/pages\/87\/revisions\/4101"}],"up":[{"embeddable":true,"href":"http:\/\/www.poznan.ptsr.org.pl\/index.php?rest_route=\/wp\/v2\/pages\/9"}],"wp:attachment":[{"href":"http:\/\/www.poznan.ptsr.org.pl\/index.php?rest_route=%2Fwp%2Fv2%2Fmedia&parent=87"}],"curies":[{"name":"wp","href":"https:\/\/api.w.org\/{rel}","templated":true}]}}