{"id":24,"date":"2013-05-20T18:12:27","date_gmt":"2013-05-20T16:12:27","guid":{"rendered":"http:\/\/www.poznan.ptsr.org.pl\/?page_id=24"},"modified":"2022-09-28T09:59:39","modified_gmt":"2022-09-28T07:59:39","slug":"czym-jest-sm","status":"archive","type":"page","link":"http:\/\/www.poznan.ptsr.org.pl\/?page_id=24","title":{"rendered":"Archived: Czym jest SM?"},"content":{"rendered":"<figure id=\"attachment_25\" aria-describedby=\"caption-attachment-25\" style=\"width: 250px\" class=\"wp-caption alignright\"><img loading=\"lazy\" class=\"size-full wp-image-25\" alt=\"\u201cTypowy obraz stwardnienia rozsianego. Dwa jasne ogniska po lewej stronie odpowiadaj\u0105 obszarom demielinizacji\u201d P.Grieb, L.Kr\u00f3licki, \u201cWPA\u015a\u0106 W REZONANS\u201d\" src=\"http:\/\/www.poznan.ptsr.org.pl\/wp-content\/uploads\/2013\/05\/beznazwy.png\" width=\"250\" height=\"236\"><figcaption id=\"caption-attachment-25\" class=\"wp-caption-text\">\u201cTypowy obraz stwardnienia rozsianego. Dwa jasne ogniska po lewej stronie odpowiadaj\u0105 obszarom demielinizacji\u201d<br \/>P.Grieb, L.Kr\u00f3licki, \u201cWPA\u015a\u0106 W REZONANS\u201d<\/figcaption><\/figure>\n<p>Stwardnienie rozsiane jest jedn\u0105 z najcz\u0119stszych przewlek\u0142ych i nieuleczalnych chor\u00f3b neurologicznych, kt\u00f3ra na og\u00f3\u0142 diagnozowana jest mi\u0119dzy 20. a 40. rokiem \u017cycia. Z \u0142aciny \u201csclerosis\u201d oznacza \u201cstwardnienie\u201d, kt\u00f3rego ogniska widoczne s\u0105 w badaniu m\u00f3zgu chorego, \u201cmultiplex\u201d \u2013 rozsiane, gdy\u017c ogniska te mog\u0105 pojawi\u0107 si\u0119 w wielu miejscach m\u00f3zgu.<\/p>\n<p>SM jest chorob\u0105 autoimmunologiczn\u0105. Oznacza to, \u017ce uk\u0142ad odporno\u015bciowy organizmu atakuje swoj\u0105 w\u0142asn\u0105 tkank\u0119 w b\u0142\u0119dnym przekonaniu, i\u017c jest to obce cia\u0142o. W przypadku SM system immunologiczny atakuje mielin\u0119, czyli substancj\u0119 otaczaj\u0105c\u0105 kom\u00f3rki nerwowe w m\u00f3zgu i rdzeniu kr\u0119gowym.<\/p>\n<p>Aby zrozumie\u0107, co dzieje si\u0119 z organizmem chorego na SM, wystarczy wyobrazi\u0107 sobie sw\u00f3j organizm jako obw\u00f3d elektryczny z m\u00f3zgiem i rdzeniem kr\u0119gowym jako \u017ar\u00f3d\u0142em mocy oraz ko\u0144czynami i reszt\u0105 organizmu jako o\u015bwietleniem, komputerami itp. Nerwy to kable elektryczne \u0142\u0105cz\u0105ce ca\u0142o\u015b\u0107 obwodu, a mielina jest izolacj\u0105 tych kabli.&nbsp; Je\u015bli izolacja ulega zniszczeniu, uk\u0142ad przestaje dzia\u0142a\u0107, dzia\u0142a wadliwie, mo\u017ce doj\u015b\u0107 do spi\u0119cia. Podobnie dzieje si\u0119 w SM: uszkodzenia os\u0142onki mielinowej wok\u00f3\u0142 nerw\u00f3w powoduj\u0105 cz\u0119\u015bciowe lub ca\u0142kowite przerwanie przewodzenia impuls\u00f3w nerwowych, co skutkuje upo\u015bledzeniem danej funkcji lub jej utrat\u0105.<\/p>\n<p>Mimo i\u017c wci\u0105\u017c nieuleczalne, SM nie zagra\u017ca bezpo\u015brednio \u017cyciu. Wi\u0119kszo\u015b\u0107 chorych \u017cyje r\u00f3wnie d\u0142ugo, jak osoby zdrowe. Podobnie jak cukrzyca, uznawane jest za stan chroniczny. Oznacza to, \u017ce gdy zachorujesz b\u0119dziesz mie\u0107 SM do ko\u0144ca \u017cycia, jednak nie zarazisz nim nikogo ani nie przeka\u017cesz go potomstwu.<\/p>\n<p>\u017ar\u00f3d\u0142o: <a href=\"http:\/\/www.ptsr.org.pl\/\">www.ptsr.org.pl<\/a><\/p>\n","protected":false},"excerpt":{"rendered":"<p>Stwardnienie rozsiane jest jedn\u0105 z najcz\u0119stszych przewlek\u0142ych i nieuleczalnych chor\u00f3b neurologicznych, kt\u00f3ra na og\u00f3\u0142 diagnozowana jest mi\u0119dzy 20. a 40. rokiem \u017cycia. Z \u0142aciny \u201csclerosis\u201d oznacza \u201cstwardnienie\u201d, kt\u00f3rego ogniska widoczne s\u0105 w badaniu m\u00f3zgu chorego, \u201cmultiplex\u201d \u2013 rozsiane, gdy\u017c ogniska te mog\u0105 pojawi\u0107 si\u0119 w wielu miejscach m\u00f3zgu. SM jest chorob\u0105 autoimmunologiczn\u0105. Oznacza to, \u017ce [&hellip;]<\/p>\n","protected":false},"author":1,"featured_media":0,"parent":4,"menu_order":2,"comment_status":"closed","ping_status":"closed","template":"","meta":[],"_links":{"self":[{"href":"http:\/\/www.poznan.ptsr.org.pl\/index.php?rest_route=\/wp\/v2\/pages\/24"}],"collection":[{"href":"http:\/\/www.poznan.ptsr.org.pl\/index.php?rest_route=\/wp\/v2\/pages"}],"about":[{"href":"http:\/\/www.poznan.ptsr.org.pl\/index.php?rest_route=\/wp\/v2\/types\/page"}],"author":[{"embeddable":true,"href":"http:\/\/www.poznan.ptsr.org.pl\/index.php?rest_route=\/wp\/v2\/users\/1"}],"replies":[{"embeddable":true,"href":"http:\/\/www.poznan.ptsr.org.pl\/index.php?rest_route=%2Fwp%2Fv2%2Fcomments&post=24"}],"version-history":[{"count":4,"href":"http:\/\/www.poznan.ptsr.org.pl\/index.php?rest_route=\/wp\/v2\/pages\/24\/revisions"}],"predecessor-version":[{"id":3186,"href":"http:\/\/www.poznan.ptsr.org.pl\/index.php?rest_route=\/wp\/v2\/pages\/24\/revisions\/3186"}],"up":[{"embeddable":true,"href":"http:\/\/www.poznan.ptsr.org.pl\/index.php?rest_route=\/wp\/v2\/pages\/4"}],"wp:attachment":[{"href":"http:\/\/www.poznan.ptsr.org.pl\/index.php?rest_route=%2Fwp%2Fv2%2Fmedia&parent=24"}],"curies":[{"name":"wp","href":"https:\/\/api.w.org\/{rel}","templated":true}]}}